1 + (0 - 1)) - (-124 + 114)?
-37
What is the value of -6 + (-235 - -221 - (3 + -36)) + 0 + -68?
-55
What is the value of 0 + -48 + 84 - (33 - -7)?
-4
Evaluate 22 - (34 + -56) - 1 - (7 + -6).
42
What is the value of -95 + 46 + (11 - 22)?
-60
Evaluate -5 + (-64 + 85 + (2 - -119) - (-1 - 9)).
147
What is (-57 - (-17 - (-17 - -8))) + 3 + 4?
-42
-21 + 81 + 6 + -4 - (-14 - (-2 + -1))
73
What is the value of 1 + 7 + 3 + -2 - (2 + (-39 - 4))?
50
What is (-2 - -7) + (7 - (10 + (10 - 18))) + 45?
55
What is -122 - (-24 + -122) - 23?
1
Calculate -10 - ((-11 - 1) + -10) - (90 - -3).
-81
Calculate -5 + (-6 - -16) - (-32 + 69).
-32
What is the value of -122 + -35 + 49 + 57?
-51
Evaluate -35 + (-32 - ((17 - 30) + -123)).
69
What is the value of 14 + 0 - 8 - -19 - -44?
69
Calculate 1 + 84 + (-13 + -5 - -1).
68
Evaluate 12 + 0 - (-49 + (-49 - -97)) - 79.
-66
What is the value of -1 + (5 - -1) + 2154 + -2162?
-3
47 + (32 - (49 - 12))
42
Evaluate (3 - (7 + -160 + 1)) + (-14 - -1 - -1).
143
What is the value of 60 - (99 - 15 - 21)?
-3
What is 197 + (-87 - 50) - (-6 + 0 - (-5 + 3))?
64
-78 + -20 + -49 + 122
-25
Evaluate 53 - ((-19 - -5) + 34 - 14 - 0).
47
65 + (28 + -73 - 36)
-16
Calculate 106 + -98 - (-14 + 0 + 8 + 116) - -3.
-99
Evaluate -3 - (49 + 33 + -77).
-8
Evaluate ((12 - 23) + 7 - -5) + -24 + 119.
96
What is -28 + -13 - ((78 - 80) + 0 + 20)?
-59
What is (139 - (-3 + 6)) + (-97 - (4 + -92))?
127
What is (-12 - 6) + (-13 - (-5 + 1 + 1))?
-28
(16 + -48 - 16) + 86
38
Calculate 12 - (-68 + 48 - -20) - (66 - 1).
-53
What is the value of (9 + -31 - (0 + (5 - -80))) + 21?
-86
Calculate -3 - (17 - 73) - (5 + -21).
69
What is -75 - ((-8 + 55 - 50) + (-1 - (-3 - -2)))?
-72
Calculate (-51 - -117 - 64) + -2 + -42 + 3.
-39
What is the value of 6 + 22 + -17 + 18 - (7 + 9 - 5)?
18
What is the value of (-126 - (24 + -35)) + 14 + -21 + 18?
-104
What is 83 + -19 + 298 + -372?
-10
Calculate -28 - 18 - -6 - (-1 + -5).
-34
What is the value of (33 - 42) + -58 + 1 + 1 + (-211 - -206)?
-70
What is the value of 13 - (-2 - (28 + 0) - (-35 - -7 - -32))?
47
What is -33 - (62 - (6 - -164))?
75
6 + -3 - 6 - -3 - (-34 + 71 + 0)
-37
Calculate (12 - 25) + (-2 - -8) - 2 - (-55 + -11).
57
-16 + (23 - ((-1 - 6) + (175 - 170)))
9
What is the value of (-16 - (-94 + 89)) + 109?
98
Evaluate 18 + (94 - 171) - (-1 - 0).
-58
20 + (19 - -4 - (-165 - -160))
48
Evaluate 3 - (-30 + 15) - (182 - 112).
-52
20 - 2 - ((-60 - -59) + 10)
9
Evaluate (-61 - (19 + -99)) + (-25 - -12).
6
What is the value of -10 - -64 - (14 - 6) - (-9 + 9 - 2)?
48
What is -10 - (128 - 170 - -62 - (22 + 1))?
-7
What is (-17 - 0) + 8 + -6 + (-10 - 18 - -25)?
-18
Evaluate 2 + -42 + -13 + (8 - -1).
-44
What is -32 + (0 - -7) + (-23 - -44)?
-4
Evaluate 563 + -567 - (-45 - -1).
40
What is the value of -29 + (-94 + 68 - -86)?
31
What is 3 - (-28 + 32) - (3 + (2 + 3 - 1))?
-8
Calculate -38 + 27 + (13 - (14 - -9)).
-21
4 + -8 + 9 + 8 - (-7 + 0)
20
Calculate (88 - -2 - -3) + (-46 - -65) + -31.
81
What is 13 - (2 + -3) - (1 - (3 + -77))?
-61
Evaluate -90 + 117 - -35 - -8.
70
What is -18 - (-93 - -35 - 2)?
42
-7 + 18 + -6 + 7 + -6 + 4
10
What is the value of 2 + (15 - (31 + -19)) + -5?
0
Evaluate 19 + -13 - (-53 + 92).
-33
Evaluate -17 + 4 + -23 + 43 - -8.
15
Calculate -921 + 966 - (-41 + 0).
86
What is the value of (-29 - -86 - (1 + -12)) + -17?
51
Evaluate -2 + (12 - 3) + 2 + -11 + 12.
10
1 + -1 - (2 + -1) - ((-49 - -39) + 12)
-3
Evaluate -88 + (-7 - (-14 - -12 - (0 - -6))) + 11.
-76
What is the value of -70 + -4 - (7 + -1 - (2 - -14))?
-64
Calculate (-12 - (36 - (37 + 1))) + -69.
-79
What is 0 + (-23 - (-16 + (2 - 39)))?
30
What is (-20 + 1 - 1) + -78 + 76 + -5?
-27
Calculate -285 - -197 - (-3 + 7).
-92
What is 2 + -2 + 5 - (186 - 168)?
-13
25 - -2 - (-44 - 1 - (-566 + 541))
47
Calculate -12 + -22 + (85 + -26 - 20).
5
What is (54 - (23 + 8)) + (8 - 32)?
-1
Evaluate 47 - (-15 + 1 - (-35 - -6)).
32
Evaluate -1 - 24 - (6 + -17 - -37).
-51
(-4 - -2) + 151 - (30 + (85 - 41 - 60))
135
What is -41 + -47 + 95 + (0 - 10)?
-3
What is 1 + -6 + 1 + (41 + -74 + 40 - 18)?
-15
15 + -7 + 15 + -37 - 60
-74
Calculate -141 + 73 + (0 - (8 + -3 + -2 + 0)).
-71
25 + -4 + (-10 - -1) - -37 - 17
32
Evaluate -7 + (-11 + 14 + -9 - -2 - 17).
-28
Evaluate 6 + (-50 - (17 - (1 + -4))).
-64
Evaluate -21 - ((-6 - 110) + 52).
43
Calculate (63 - 54 - (-1 + -89)) + -29.
70
What is the value of 4 + -118 + 45 - (23 - 39)?
-53
What is -10 - ((-4 - -2) + -1 + (11 - 56) + 26)?
12
(0 - 5 - -2) + 44 - (-67 - -59)
49
Calculate (5 - 46) + 8 + (-43 - -54).
-22
38 - (-13 - (-53 + 9))
7
What is the value of -26 - (24 - 48 - 5) - 60?
-57
Evaluate 4 - 2 - -35 - (82 - 64 - 11).
30
Evaluate 19 + (-18 - (11 - -14)) - (1 - -5) - 0.
-30
55 + 0 + (-32 - (-2 + -19)) + 2
46
What is 157 - 132 - (57 + -6)?
-26
What is the value of -2 - (14 + (-7 - 3) + -28)?
22
-52 - (61 + -55 - ((-3 - -14) + -2)) - 3
-52
149 + -99 + -140 + 47
-43
What is (-11 - (1 - -6)) + -33 + 193 + 3?
145
Evaluate -4 - (-17 - -22 - 15 - 0) - (-2 - -40).
-32
What is the value of 17 + 6 + -4 - (-1 + -6)?
26
What is 3 + -6 - ((-51 - -20) + -8)?
36
9 - -21 - (49 + 4)
-23
45 + -18 + -134 + 79
-28
What is the value of 12 + 2 - (-53 + -6 + 61)?
12
-29 + 50 + (-12 + 8 - -8)
25
Evaluate -4 - -36 - (-80 - -107) - (2 + (-2 - -41)).
-36
Evaluate -20 + 2 + (23 - -38).
43
What is 30 + -30 + -3 + 13 - (-9 + (-2 - -5))?
16
Calculate -3 + 10 - 56 - (20 - 31).
-38
(-85 - (-35 - 48)) + -16 + 1
-17
What is (-849 - -847) + (-2 - -1) - (-49 - -1)?
45
What is the value of -23 + 42 + 76 + (15 - -24)?
134
What is (-273 - (147 + -433)) + -1 + (24 - 1)?
35
Calculate -64 - ((19 - 10) + (-15 - 6) + -2).
-50
What is (-1 - 13) + 44 + (22 - 31)?
21
Evaluate -73 + 13 + (4 - 21).
-77
Evaluate 6 - -1 - (-60 + 56) - (43 + 1).
-33
What is (25 - -1) + 4 + -43 + (2 - (0 + -25))?
14
What is the value of 51 + -28 - 31 - -4?
-4
What is the value of -4 + (0 - -2) - (-4 + (8 - 14)) - 25?
-17
Evaluate (-21 - -4) + (-19 - (29 + -70)).
5
65 + -1 - (-7 + 27 + -12 + -16 - -7)
65
Evaluate -17 + -62 + (8 - -29).
-42
Evaluate (-5 + 26 - (2 + (-1 - 8))) + 9.
37
What is 7 + -14 + (35 - 92) + 37?
-27
What is 14 - (71 + -2 - (-13 + 4 + -10))?
-74
Evaluate (-28 - (69 - 30 - 30)) + 101.
64
Evaluate (3 + -7 + (5 - -1) - (4 + -11)) + -18.
-9
What is -1 + -23 + -1 + (-4 - -3) + -1?
-27
Evaluate 115 + (-11 - (19 - -1)) + 19.
103
Calculate -79 + -65 + (18 - -175).
49
What is the value of 3 - (11 + -9 + 2 + 42)?
-43
-60 + 128 + (-10 + -29 - -7)
36
Calculate -2 + (-58 - -1) + (10 - (1 + (-4 - -2))).
-48
What is the value of (-33 - -14) + 7 + 19 - (17 + (2 - 3))?
-9
What is -1 + 1 + (-7 - (-14 + (4 - -12))) - 85?
-94
(2 - -6) + (-44 - -35 - 24) + -9
-34
What is 2 + 0 - 10 - ((-17 - -32) + -7 + 0)?
-16
Evaluate -1 + (-3 - 2) + 12 + (-21 - (-14 - -11)).
-12
131 + -7 + -212 + 154
66
Calculate -11694 - -11651 - (1 + -33).
-11
Calculate 176 + -362 + 188 + (-24 - 1).
-23
-104 + 163 + (16 - 67) - (2 + 151 + -1)
-144
Evaluate -3 - (19 + 45 + 4 - -3).
-74
What is -62 - (91 + -53) - (-14 - 1)?
-85
What is the value of 0 + -39 + 499 + -483 - -44?
21
(-66 - -35 - (-8 - 13)) + (43 - 35)
-2
(60 - (69 + -92)) + -16
67
What is the value of 3 - 8 - (690 + -617)?
-78
-31 - (67 + -31 - 81)
14
Evaluate 62 + (6 + -10 - 16 - -8).
50
What is the value of (23 - 163) + (12 - 1 - (-34 + 3 + 26))?
-124
(0 + 15 - (231 - 225)) + -26 + 48
31
What is -31 + (-6 - -7) + -8 + 28 + -46?
-56
-16 + 6 + 6 + -11 + -65
-80
What is -8 - (83 + -114 + -23)?
46
What is the value of (0 - (-14 - 5)) + -14 + 1 + -35?
-29
What is -12 - ((-27 - -54) + 33 + 11)?
-83
Calculate (-109 - 27 - -61) + 41.
-34
What is -5 + 0 + 2 + (233 - 237) - 42?
-49
Evaluate -99 + 117 - (7 - (-6 - -9)).
14
What is 1 + 23 + -7 + (79 - 133)?
-37
77 + -62 - -1 - 56
-40
-8 + 17 + -22 - 6 - (-16 - 1)
-2
Evaluate -21 - -4 - -23 - -11.
17
Evaluate -34 - (-6 - (24 - 3 - 24)).
-31
What is (-4 - -1 - ((67 - 5) + -2)) + -141 + 144?
-60
What is (-7 - (21 + -3 - 32) - -4) + -43?
-32
(64 - 80) + 32 - -10
26
Calculate (13 - 18) + -7 + -6 + 7.
-11
What is (36 - 6) + -13 + 0 + -9 + 15?
23
-141 + 222 + -161 + -61
-141
Evaluate (-11 + -14 - -8) + 11 - (-78 + -12).
84
Calculate (-24 - (-10 - 1)) + -16 + 61.
32
What is the value of -10 - (-287 - -279 - (2 + -1 - 1 - 48))?
-50